+ 293774. Determine o(18).
-4
Let g(w) = -3*w**2 - 306*w + 4212. Give g(-114).
108
Let o(f) = -f**3 - 5*f**2 - 148*f - 1362. What is o(-9)?
294
Let g(a) = -28*a**3 - 17*a**2 - 71*a - 75. Calculate g(-2).
223
Let j(s) = 7*s**2 - 47043*s - 707210. What is j(-15)?
10
Let a(s) = -5*s**2 + 875*s - 2319. Determine a(172).
261
Let q(z) = -17292*z - 5931157. Give q(-343).
-1
Let b(h) = -h**3 + 31*h**2 + 231*h - 6334. Calculate b(32).
34
Let l(p) = -5*p**3 - 186*p**2 + 571*p + 23. Give l(3).
-73
Let u(d) = 204920*d + 8401712. What is u(-41)?
-8
Let g(w) = -2171*w + 369073. Give g(170).
3
Let r(g) = -g**3 - 15*g**2 + 25*g + 280. Determine r(-6).
-194
Let b(o) = 19*o**3 + 2019*o**2 + 531*o + 126. Calculate b(-106).
20
Let b(t) = -20899*t + 3364722. Calculate b(161).
-17
Let b(u) = -u**3 + 42*u**2 - 448*u + 2043. Calculate b(29).
-16
Let a(b) = 2*b**3 - 171*b**2 + 58*b + 1310. Calculate a(85).
-985
Let m(p) = -2*p**2 + 3*p + 40723. Give m(-142).
-31
Let c(y) = y**3 + 17*y**2 + 44*y - 502. Calculate c(-12).
-310
Let c(s) = 673*s + 15736. Give c(-23).
257
Let z(w) = -3*w**2 + 2322*w - 225742. Calculate z(114).
-22
Let b(p) = 25*p - 826. Determine b(-12).
-1126
Let f(n) = 6174*n - 55574. What is f(9)?
-8
Let l(s) = 355*s - 16145. What is l(45)?
-170
Let t(u) = -254*u**2 + 55621*u + 1099. Give t(219).
4
Let b(a) = a**2 + 3445*a + 216280. Give b(-64).
-104
Let c(h) = h**3 - 12*h**2 + 416*h - 4462. What is c(11)?
-7
Let r(h) = -14467*h - 58166. Determine r(-4).
-298
Let x(l) = l**3 - 70*l**2 + 141*l + 47. Give x(68).
387
Let t(q) = -2*q**3 + 170*q**2 - 1982*q - 428. Give t(71).
-2
Let n(f) = 7*f + 346. Determine n(-48).
10
Let f(o) = -38583*o - 24037211. Give f(-623).
-2
Let z(d) = d**3 + 126*d**2 + 460*d + 11225. Give z(-123).
32
Let c(u) = -u**3 - 172*u**2 + 5965*u - 47394. What is c(15)?
6
Let c(d) = -d**3 + 22*d**2 + 27*d + 405. What is c(24)?
-99
Let w(c) = c**2 - 560*c - 34489. What is w(-56)?
7
Let l(w) = -12686*w - 202305. Calculate l(-16).
671
Let p(d) = d**3 - 3*d**2 - 1340*d + 10401. Determine p(8).
1
Let c(r) = r**3 + 248*r**2 - 733*r + 5046. Calculate c(-251).
26
Let u(d) = 2*d**3 - 14*d**2 - 114*d + 902. Calculate u(8).
118
Let c(h) = 20*h**3 - 1140*h**2 + h - 33. Give c(57).
24
Let j(i) = 1794*i + 11764. Calculate j(-5).
2794
Let n(b) = -b**2 + 1534*b - 57462. Give n(38).
-614
Let s(h) = -5341*h + 69369. Determine s(13).
-64
Let v(i) = -2*i**2 - 14708*i + 1400179. Give v(94).
-45
Let d(n) = 4*n**3 - 847*n**2 - 221*n + 1907. What is d(212)?
-1
Let g(f) = 31*f**2 + 1120*f - 785. Determine g(-37).
214
Let o(y) = -6*y**3 - 1520*y**2 - 2012*y + 1070. What is o(-252)?
62
Let k(h) = 718*h + 149356. Give k(-208).
12
Let m(q) = 11*q**3 - 29*q**2 - 457*q + 842. Determine m(7).
-5
Let f(x) = 86*x**3 - 2*x**2 - 5909*x - 11811. Determine f(-2).
-689
Let s(o) = 659*o + 129480. What is s(-196)?
316
Let a(f) = 2120*f + 25563. Determine a(-14).
-4117
Let j(i) = -i**3 + 786*i**2 - 327*i + 257033. Calculate j(786).
11
Let j(d) = -447*d + 45207. Determine j(93).
3636
Let w(n) = -n**3 - 2006*n**2 - 90144*n + 738. Calculate w(-46).
2
Let r(n) = 220*n**3 + 62*n**2 + 8*n + 8. Give r(-1).
-158
Let v(n) = 1295*n - 37360. Determine v(30).
1490
Let u(y) = 4*y**3 - 889*y**2 + 270*y - 11522. Determine u(222).
-866
Let l(f) = 9470*f + 75200. Give l(-8).
-560
Let l(g) = g**3 - 11*g**2 - 13748*g + 123882. Calculate l(9).
-12
Let v(j) = 2188*j + 282270. Give v(-129).
18
Let o(p) = 2*p**2 - 118*p - 2342. What is o(-17)?
242
Let j(r) = 7*r**2 + 137*r - 7014. What is j(-43)?
38
Let l(y) = -4*y**2 - 2829*y - 33366. Give l(-12).
6
Let b(t) = 312*t - 17511. What is b(56)?
-39
Let h(y) = 95*y + 1743. Determine h(-27).
-822
Let z(v) = 22*v**3 - 87*v**2 - 5*v + 36. Give z(3).
-168
Let h(z) = -329*z**2 - 203946*z + 21083. Give h(-620).
3
Let j(v) = 3*v**3 - 457*v**2 + 589*v + 2343. Give j(151).
78
Let h(d) = 28*d**2 - 2394*d + 16886. Calculate h(7).
1500
Let q(v) = v**2 - 3475*v - 13921. Give q(-4).
-5
Let j(l) = -l**3 - 98*l**2 + 148*l + 3365. Give j(-99).
-1486
Let h(g) = -107*g**2 + 540*g + 1244. Calculate h(-2).
-264
Let j(q) = q**3 + 9*q**2 + 387*q + 3149. What is j(-8)?
117
Let k(r) = -25*r**2 - 2930*r - 579. Determine k(-117).
6
Let r(k) = 39*k**2 + 19612*k - 2477. Calculate r(-503).
38
Let k(r) = -866*r - 51875. Give k(-60).
85
Let x(r) = -r**3 + 90*r**2 + 6438*r + 130. What is x(137)?
-7
Let s(t) = t**3 - 84*t**2 + 1511*t + 19. Determine s(27).
-737
Let s(k) = -6*k**3 - 6*k**2 + 33*k - 11. Calculate s(3).
-128
Let s(n) = 106*n - 3557. What is s(5)?
-3027
Let n(d) = d**2 + 103*d + 586. What is n(-98)?
96
Let z(q) = 95*q - 1017. Give z(2).
-827
Let j(k) = 10767*k**2 - 53740*k + 2. Determine j(5).
477
Let n(j) = 2*j**3 - 2720*j**2 - 149783*j + 7068. Give n(1413).
3
Let o(b) = -b**3 - 35*b**2 + 564*b + 772. Calculate o(13).
-8
Let n(a) = 2*a**2 - 448*a - 19880. Give n(-38).
32
Let t(x) = 62*x**2 + 984*x + 16. Determine t(-17).
1206
Let g(b) = 11*b**3 - b**2 - 145*b - 112. What is g(4)?
-4
Let v(q) = q**3 + 69*q**2 + 183*q + 1729. Give v(-66).
2719
Let m(s) = 14*s**2 + 3996*s + 121020. What is m(-251)?
38
Let s(q) = -1708*q**2 + 3401*q + 42. What is s(2)?
12
Let p(l) = 2*l**3 + 21*l**2 - 537*l - 76. Give p(12).
-40
Let q(f) = 13*f**2 + 3131*f + 72243. What is q(-215)?
3
Let p(s) = -s**3 - 316*s**2 - 12844*s + 36. Calculate p(-48).
-924
Let q(k) = -163*k**2 - 1872*k - 7473. Calculate q(-4).
-2593
Let h(z) = -93*z - 1604. Calculate h(-7).
-953
Let b(k) = 386056*k - 2316341. Determine b(6).
-5
Let o(l) = 2*l**3 + 10*l**2 - 27516*l - 165008. Calculate o(-6).
16
Let p(s) = -6*s**2 + 170*s - 354. What is p(25)?
146
Let o(y) = 38726*y - 21492918. Give o(555).
12
Let v(l) = 4*l**2 + 706*l + 22071. Determine v(-136).
39
Let j(t) = -7*t**2 - 110*t + 5587. Give j(23).
-646
Let k(a) = a**3 + 412*a**2 - 304*a + 45211. Determine k(-413).
194
Let o(p) = -2016*p**3 - 32*p**2 - 29*p + 3. Give o(-1).
2016
Let t(k) = k**3 + 35*k**2 - 130*k - 5566. Give t(-34).
10
Let f(u) = u**3 - 42*u**2 + 274*u + 32. Calculate f(33).
-727
Let n(b) = -41383*b + 206991. Calculate n(5).
76
Let s(l) = -5*l**2 - 75304*l + 1130686. Determine s(15).
1
Let t(w) = -158*w**2 + 2362*w + 56. Determine t(15).
-64
Let p(y) = -3*y**3 - 58*y**2 + 2320*y + 45609. Calculate p(-20).
9
Let t(g) = 256752*g - 2824182. Give t(11).
90
Let c(g) = 26*g**3 - 967*g**2 - 1831*g - 59. What is c(39)?
19
Let c(i) = -i**3 - 9*i**2 + 278*i + 96. Calculate c(13).
-8
Let z(m) = 8*m**2 - 22*m + 928. What is z(0)?
928
Let o(v) = 1088*v + 559247. Calculate o(-514).
15
Let h(n) = -3*n**3 - 855*n**2 - 1705*n - 1958. Determine h(-283).
23
Let t(n) = n + 90. Give t(95).
185
Let d(z) = 12*z**2 + 316*z - 38490. Give d(45).
30
Let z(w) = -29897*w - 538153. Give z(-18).
-7
Let h(n) = 2388*n + 9574. Calculate h(-4).
22
Let v(w) = 984*w + 93387. Calculate v(-95).
-93
Let w(f) = 49*f**3 + 296*f**2 - 41*f - 325. What is w(-6)?
-7
Let a(v) = v**3 + 42*v**2 - 7*v - 110. Calculate a(-42).
184
Let f(r) = 3*r**3 + 28*r**2 - 23*r + 802. What is f(0)?
802
Let t(n) = -n**3 + 435*n**2 - 14729*n + 41. Determine t(37).
-70
Let h(b) = -142540*b - 1710811. Determine h(-12).
-331
Let i(j) = -j**2 - 111*j - 299. Give i(-3).
25
Let h(f) = -2*f**3 + 135*f**2 - 95*f + 867. Calculate h(67).
-1009
Let s(a) = 1459*a - 36273. What is s(25)?
202
Let r(k) = -29371*k - 1116097. Give r(-38).
1
Let o(d) = -7605*d - 45619. Give o(-6).
11
Let j(g) = 2*g**2 + 92*g - 15515. Give j(-114).
-11
Let a(g) = g**3 + 10*g**2 - 43*g + 64. Calculate a(-12).
292
Let w(h) = -5*h**2 + 5746*h - 85061. Determine w(15).
4
Let s(w) = 10*w**2 + 879*w - 15463. What is s(15)?
-28
Let q(i) = -2*i**2 + 132*i + 874. What is q(55)?
2084
Let r(d) = 271*d + 15196. Give r(-56).
20
Let c(s) = s**3 + 36*s**2 + 279*s + 978. Determine c(-27).
6
Let x(g) = -g**3 + 86*g**2 + 186*g - 8460. Determine x(87).
153
Let b(j) = -j**2 - 1304*j - 320130. Calculate b(-976).
-2
Let w(b) = -561458*b - 2245863. Calculate w(-4).
-31
Let b(n) = 262*n**2 + 5230*n - 112. Give b(-20).
88
Let o(s) = 4*s**2 - 1176*s + 2051. Calculate o(291).
-1441
Let f(z) = -28*z**2 + 189*z - 1730. Calculate f(10).
-2640
Let n(r) = 2335*r + 14152. Calculate n(-6).
142
Let j(w) = -w**3 - 190*w**2 - 894*w + 5747. What is j(-185)?
12
Let m(w) = -61*w - 2202. Calcula